mmon divisor of 96 and 168.
24
Calculate the highest common divisor of 54 and 2.
2
What is the greatest common divisor of 6755 and 245?
35
What is the highest common factor of 8785 and 455?
35
Calculate the highest common factor of 6 and 426.
6
What is the highest common divisor of 198 and 54?
18
What is the highest common factor of 16 and 88?
8
What is the highest common factor of 27 and 675?
27
What is the greatest common factor of 502 and 2?
2
Calculate the highest common factor of 196 and 112.
28
Calculate the highest common divisor of 64 and 80.
16
Calculate the highest common factor of 12 and 3354.
6
What is the highest common divisor of 10215 and 908?
227
What is the greatest common factor of 1740 and 60?
60
Calculate the highest common divisor of 8 and 12.
4
Calculate the highest common factor of 156 and 3224.
52
Calculate the greatest common divisor of 13 and 6032.
13
Calculate the greatest common divisor of 3991 and 52.
13
What is the highest common divisor of 84 and 5908?
28
What is the greatest common divisor of 44 and 33?
11
What is the greatest common divisor of 65 and 1872?
13
Calculate the greatest common factor of 12 and 300.
12
What is the highest common divisor of 14175 and 15?
15
What is the highest common factor of 7077 and 21?
21
Calculate the highest common divisor of 35 and 9205.
35
Calculate the greatest common divisor of 88 and 12056.
88
What is the highest common factor of 7004 and 1088?
68
What is the greatest common factor of 130 and 1534?
26
Calculate the highest common factor of 212 and 2014.
106
What is the highest common factor of 6575 and 275?
25
Calculate the greatest common factor of 36 and 92.
4
What is the greatest common divisor of 612 and 136?
68
Calculate the highest common factor of 40 and 490.
10
Calculate the greatest common factor of 384 and 84.
12
What is the greatest common divisor of 3 and 10?
1
Calculate the highest common divisor of 504 and 288.
72
Calculate the greatest common factor of 612 and 324.
36
Calculate the highest common factor of 51824 and 328.
328
What is the greatest common factor of 851 and 148?
37
Calculate the greatest common factor of 380 and 2660.
380
What is the greatest common divisor of 112 and 182?
14
Calculate the greatest common factor of 343 and 147.
49
Calculate the highest common divisor of 73 and 3577.
73
What is the highest common divisor of 1276 and 176?
44
Calculate the highest common factor of 40 and 440.
40
What is the greatest common factor of 20 and 30?
10
Calculate the highest common factor of 1359 and 151.
151
Calculate the greatest common divisor of 4797 and 26.
13
Calculate the greatest common factor of 204 and 1700.
68
What is the greatest common factor of 125 and 135?
5
Calculate the highest common divisor of 6 and 2474.
2
What is the greatest common factor of 459 and 2703?
51
What is the greatest common factor of 585 and 10998?
117
What is the highest common divisor of 45937 and 71?
71
Calculate the highest common divisor of 21 and 60.
3
What is the greatest common divisor of 3984 and 48?
48
What is the highest common divisor of 133 and 12635?
133
Calculate the highest common divisor of 65 and 507.
13
What is the highest common divisor of 3125 and 25?
25
What is the highest common divisor of 30 and 13815?
15
Calculate the greatest common divisor of 628 and 16.
4
Calculate the greatest common factor of 180 and 828.
36
Calculate the greatest common factor of 437 and 184.
23
What is the highest common factor of 360 and 405?
45
What is the greatest common divisor of 6156 and 266?
38
What is the highest common factor of 368 and 299?
23
Calculate the highest common divisor of 10066 and 28.
14
Calculate the highest common divisor of 3520 and 330.
110
What is the greatest common factor of 3906 and 7?
7
Calculate the highest common divisor of 721 and 49.
7
What is the highest common divisor of 687 and 15?
3
Calculate the greatest common factor of 3 and 8.
1
Calculate the highest common divisor of 4097 and 85.
17
What is the highest common factor of 6516 and 27?
9
Calculate the highest common divisor of 5 and 33425.
5
Calculate the highest common factor of 6989 and 1205.
241
Calculate the highest common factor of 28 and 20.
4
Calculate the greatest common factor of 513 and 57.
57
Calculate the highest common divisor of 1936 and 56.
8
What is the greatest common factor of 186 and 2542?
62
Calculate the greatest common factor of 447 and 6.
3
Calculate the highest common divisor of 446 and 4.
2
What is the highest common factor of 294 and 5390?
98
Calculate the greatest common divisor of 8137 and 79.
79
Calculate the highest common factor of 1064 and 280.
56
Calculate the highest common divisor of 52 and 494.
26
What is the greatest common factor of 20 and 20?
20
Calculate the greatest common divisor of 91 and 28.
7
What is the greatest common divisor of 72 and 113112?
72
What is the highest common divisor of 7 and 6?
1
Calculate the greatest common factor of 572 and 220.
44
Calculate the highest common factor of 161 and 7.
7
Calculate the highest common divisor of 305 and 5.
5
What is the greatest common divisor of 1482 and 390?
78
What is the highest common divisor of 10780 and 98?
98
Calculate the greatest common factor of 4366 and 472.
118
What is the highest common divisor of 27 and 5157?
27
What is the highest common factor of 1112 and 64?
8
What is the greatest common factor of 1194 and 12?
6
Calculate the highest common divisor of 204 and 2159.
17
Calculate the greatest common divisor of 148 and 74.
74
Calculate the greatest common factor of 95 and 5.
5
What is the highest common factor of 990 and 220?
110
Calculate the highest common factor of 20 and 15.
5
Calculate the greatest common divisor of 126 and 36.
18
What is the greatest common factor of 30 and 15360?
30
What is the greatest common factor of 274 and 8494?
274
What is the highest common divisor of 1682 and 29?
29
What is the highest common divisor of 146 and 2482?
146
What is the greatest common factor of 126 and 14028?
42
What is the highest common factor of 8883 and 72?
9
What is the highest common divisor of 15 and 21?
3
Calculate the greatest common divisor of 91 and 1859.
13
Calculate the highest common factor of 1577 and 581.
83
Calculate the greatest common divisor of 13821 and 408.
51
What is the highest common divisor of 2600 and 624?
104
Calculate the highest common factor of 609 and 21.
21
Calculate the greatest common factor of 102 and 54.
6
What is the greatest common factor of 1180 and 8?
4
Calculate the highest common factor of 2275 and 100.
25
What is the highest common factor of 252 and 693?
63
What is the greatest common factor of 964 and 4579?
241
Calculate the highest common factor of 5850 and 125.
25
Calculate the greatest common factor of 152 and 40.
8
Calculate the greatest common divisor of 3322 and 110.
22
Calculate the greatest common divisor of 84 and 35.
7
Calculate the highest common factor of 355 and 110.
5
Calculate the highest common divisor of 548 and 40.
4
What is the highest common divisor of 1662 and 3?
3
What is the greatest common factor of 54 and 243?
27
What is the greatest common factor of 33 and 39402?
33
What is the greatest common divisor of 220 and 20?
20
Calculate the greatest common divisor of 445 and 25.
5
Calculate the greatest common factor of 62 and 899.
31
Calculate the highest common divisor of 63 and 2373.
21
Calculate the greatest common factor of 26 and 117.
13
What is the greatest common factor of 24 and 1320?
24
Calculate the highest common factor of 756 and 522.
18
Calculate the highest common divisor of 16404 and 24.
12
What is the greatest common divisor of 144 and 2853?
9
Calculate the greatest common divisor of 843 and 18.
3
Calculate the greatest common divisor of 944 and 144.
16
Calculate the greatest common divisor of 1066 and 286.
26
What is the greatest common factor of 609 and 63?
21
What is the greatest common divisor of 207 and 69?
69
What is the greatest common divisor of 4009 and 1477?
211
Calculate the highest common factor of 72 and 12540.
12
Calculate the highest common divisor of 321 and 30.
3
Calculate the greatest common factor of 632 and 64.
8
What is the highest common factor of 1544 and 4?
4
What is the greates